02-10 13:11:02.857 951 2826 I chatty : uid=1000(system) expire 1 line
02-10 13:11:03.261 951 1112 I chatty : uid=1000(system) expire 1 line
02-10 13:11:03.262 951 1138 I chatty : uid=1000(system) expire 5 lines
02-10 13:11:03.348 951 2826 I chatty : uid=1000(system) expire 1 line
02-10 13:11:03.378 951 1139 I chatty : uid=1000(system) expire 1 line
02-10 13:11:03.407 951 951 I chatty : uid=1000(system) expire 1 line
02-10 13:11:03.620 951 1139 I chatty : uid=1000(system) expire 3 lines
02-10 13:11:03.743 951 1110 I chatty : uid=1000(system) expire 1 line
02-10 13:11:03.769 951 1139 I chatty : uid=1000(system) expire 1 line
02-10 13:11:04.101 951 5820 I chatty : uid=1000(system) HwBinder:5801_1 expire 1 line
02-10 13:11:04.150 951 4619 I chatty : uid=1000(system) expire 2 lines
02-10 13:11:04.216 951 7918 I chatty : uid=1000(system) expire 1 line
02-10 13:11:04.530 951 5820 I chatty : uid=1000(system) HwBinder:5801_1 expire 1 line
02-10 13:11:04.774 951 2069 I chatty : uid=1000(system) expire 2 lines
02-10 13:11:06.746 951 1110 I chatty : uid=1000(system) expire 2 lines
02-10 13:11:06.791 951 2903 I chatty : uid=1000(system) expire 2 lines
02-10 13:11:06.858 951 1110 I chatty : uid=1000(system) expire 4 lines
02-10 13:11:07.449 951 5820 I chatty : uid=1000(system) HwBinder:5801_1 expire 1 line
02-10 13:11:07.665 951 951 I chatty : uid=1000(system) expire 5 lines
02-10 13:11:08.491 951 1062 I chatty : uid=1000(system) expire 1 line
02-10 13:11:08.565 951 951 I chatty : uid=1000(system) expire 2 lines
02-10 13:11:08.746 951 951 W Looper : Slow dispatch took 249ms main h=android.app.ActivityThread$H c=android.app.-$$Lambda$LoadedApk$ReceiverDispatcher$Args$_BumDX2UKsnxLVrE6UJsJZkotuA@3e27433 m=0
02-10 13:11:08.756 951 1139 I ActivityManager: Start proc 12112:com.google.android.projection.gearhead:vanagon/u0a157 for activity {com.google.android.projection.gearhead/com.google.android.gearhead.vanagon.home1}
02-10 13:11:08.886 951 1139 I ActivityManager: Start proc 12136:com.google.android.projection.gearhead:projection/u0a157 for service {com.google.android.projection.gearhead/com.google.android.projection.gearhead.system.GhLifecycleService}
02-10 13:11:09.498 951 4223 I ActivityTaskManager: START u0 {flg=0x34000000 cmp=com.google.android.projection.gearhead/com.google.android.gearhead.vanagon.VnLaunchPadInternalActivity (has extras)} from uid 10157
02-10 13:11:09.759 951 951 I Telecom : WiredHeadsetManager: ACTION_HEADSET_PLUG event, plugged in: false, : WHC.oADR@AKY
02-10 13:11:09.810 951 4619 I DisplayManagerService: Display device added: DisplayDeviceInfo{"LayoutDisplay": uniqueId="virtual:com.google.android.projection.gearhead,10157,LayoutDisplay,0", 800 x 480, modeId 2, defaultModeId 2, supportedModes [{id=2, width=800, height=480, fps=60.0}], colorMode 0, supportedColorModes [0], HdrCapabilities null, density 160, 160.0 x 160.0 dpi, appVsyncOff 0, presDeadline 16666666, touch NONE, rotation 0, type VIRTUAL, state OFF, owner com.google.android.projection.gearhead (uid 10157), FLAG_PRIVATE, FLAG_NEVER_BLANK, FLAG_OWN_CONTENT_ONLY}
02-10 13:11:09.838 951 1111 I DisplayManagerService: Display DisplayDeviceInfo{"LayoutDisplay": uniqueId="virtual:com.google.android.projection.gearhead,10157,LayoutDisplay,0", 800 x 480, modeId 2, defaultModeId 2, supportedModes [{id=2, width=800, height=480, fps=60.0}], colorMode 0, supportedColorModes [0], HdrCapabilities null, density 160, 160.0 x 160.0 dpi, appVsyncOff 0, presDeadline 16666666, touch NONE, rotation 0, type VIRTUAL, state OFF, owner com.google.android.projection.gearhead (uid 10157), FLAG_PRIVATE, FLAG_NEVER_BLANK, FLAG_OWN_CONTENT_ONLY} does not support input device matching.
02-10 13:11:09.860 951 1113 I ActivityTaskManager: Override config changes=20005df8 {0.0 ?mcc?mnc ?localeList ?layoutDir sw480dp w800dp h480dp 160dpi lrg long land ?uimode ?night finger -keyb/v/h -nav/h winConfig={ mBounds=Rect(0, 0 - 800, 480) mAppBounds=Rect(0, 0 - 800, 480) mWindowingMode=fullscreen mDisplayWindowingMode=fullscreen mActivityType=undefined mAlwaysOnTop=undefined mRotation=ROTATION_0}} for displayId=1
02-10 13:11:09.868 951 1116 I DisplayManagerService: Display DisplayDeviceInfo{"LayoutDisplay": uniqueId="virtual:com.google.android.projection.gearhead,10157,LayoutDisplay,0", 800 x 480, modeId 2, defaultModeId 2, supportedModes [{id=2, width=800, height=480, fps=60.0}], colorMode 0, supportedColorModes [0], HdrCapabilities null, density 160, 160.0 x 160.0 dpi, appVsyncOff 0, presDeadline 16666666, touch NONE, rotation 0, type VIRTUAL, state OFF, owner com.google.android.projection.gearhead (uid 10157), FLAG_PRIVATE, FLAG_NEVER_BLANK, FLAG_OWN_CONTENT_ONLY} does not support input device matching.
02-10 13:11:09.923 951 4808 I DisplayManagerService: Display device added: DisplayDeviceInfo{"Dummy": uniqueId="virtual:com.google.android.gms,10078,Dummy,0", 1 x 1, modeId 3, defaultModeId 3, supportedModes [{id=3, width=1, height=1, fps=60.0}], colorMode 0, supportedColorModes [0], HdrCapabilities null, density 130, 130.0 x 130.0 dpi, appVsyncOff 0, presDeadline 16666666, touch NONE, rotation 0, type VIRTUAL, state ON, owner com.google.android.gms (uid 10078), FLAG_PRIVATE, FLAG_NEVER_BLANK, FLAG_PRESENTATION, FLAG_OWN_CONTENT_ONLY}
02-10 13:11:09.966 951 1111 W WindowManager: Unable to take screenshot of display 2
02-10 13:11:09.969 951 1111 I DisplayManagerService: Display DisplayDeviceInfo{"LayoutDisplay": uniqueId="virtual:com.google.android.projection.gearhead,10157,LayoutDisplay,0", 800 x 480, modeId 2, defaultModeId 2, supportedModes [{id=2, width=800, height=480, fps=60.0}], colorMode 0, supportedColorModes [0], HdrCapabilities null, density 160, 160.0 x 160.0 dpi, appVsyncOff 0, presDeadline 16666666, touch NONE, rotation 0, type VIRTUAL, state OFF, owner com.google.android.projection.gearhead (uid 10157), FLAG_PRIVATE, FLAG_NEVER_BLANK, FLAG_OWN_CONTENT_ONLY} does not support input device matching.
02-10 13:11:09.969 951 1111 I DisplayManagerService: Display DisplayDeviceInfo{"Dummy": uniqueId="virtual:com.google.android.gms,10078,Dummy,0", 1 x 1, modeId 3, defaultModeId 3, supportedModes [{id=3, width=1, height=1, fps=60.0}], colorMode 0, supportedColorModes [0], HdrCapabilities null, density 130, 130.0 x 130.0 dpi, appVsyncOff 0, presDeadline 16666666, touch NONE, rotation 0, type VIRTUAL, state ON, owner com.google.android.gms (uid 10078), FLAG_PRIVATE, FLAG_NEVER_BLANK, FLAG_PRESENTATION, FLAG_OWN_CONTENT_ONLY} does not support input device matching.
02-10 13:11:09.978 951 1113 I ActivityTaskManager: Override config changes=20005df8 {0.0 ?mcc?mnc ?localeList ?layoutDir sw1dp w1dp h1dp 130dpi smll port ?uimode ?night finger -keyb/v/h -nav/h winConfig={ mBounds=Rect(0, 0 - 1, 1) mAppBounds=Rect(0, 0 - 1, 1) mWindowingMode=fullscreen mDisplayWindowingMode=fullscreen mActivityType=undefined mAlwaysOnTop=undefined mRotation=ROTATION_0}} for displayId=2
02-10 13:11:09.989 951 5820 I DisplayManagerService: Display DisplayDeviceInfo{"LayoutDisplay": uniqueId="virtual:com.google.android.projection.gearhead,10157,LayoutDisplay,0", 800 x 480, modeId 2, defaultModeId 2, supportedModes [{id=2, width=800, height=480, fps=60.0}], colorMode 0, supportedColorModes [0], HdrCapabilities null, density 160, 160.0 x 160.0 dpi, appVsyncOff 0, presDeadline 16666666, touch NONE, rotation 0, type VIRTUAL, state OFF, owner com.google.android.projection.gearhead (uid 10157), FLAG_PRIVATE, FLAG_NEVER_BLANK, FLAG_OWN_CONTENT_ONLY} does not support input device matching.
02-10 13:11:09.989 951 5820 I DisplayManagerService: Display DisplayDeviceInfo{"Dummy": uniqueId="virtual:com.google.android.gms,10078,Dummy,0", 1 x 1, modeId 3, defaultModeId 3, supportedModes [{id=3, width=1, height=1, fps=60.0}], colorMode 0, supportedColorModes [0], HdrCapabilities null, density 130, 130.0 x 130.0 dpi, appVsyncOff 0, presDeadline 16666666, touch NONE, rotation 0, type VIRTUAL, state ON, owner com.google.android.gms (uid 10078), FLAG_PRIVATE, FLAG_NEVER_BLANK, FLAG_PRESENTATION, FLAG_OWN_CONTENT_ONLY} does not support input device matching.
02-10 13:11:10.037 951 1116 I WindowManager: Screen frozen for +90ms due to Window{455e7aa u0 com.google.android.projection.gearhead/com.google.android.gearhead.vanagon.VnLaunchPadInternalActivity}
02-10 13:11:10.118 951 951 W ActivityManager: Unable to start service Intent { act=android.service.appprediction.AppPredictionService cmp=com.google.android.as/com.google.android.apps.miphone.aiai.app.AiAiPredictionService } U=0: not found
02-10 13:11:10.118 951 951 W RemoteAppPredictionService: could not bind to Intent { act=android.service.appprediction.AppPredictionService cmp=com.google.android.as/com.google.android.apps.miphone.aiai.app.AiAiPredictionService } using flags 67108865
02-10 13:11:10.258 951 1139 I ActivityManager: Start proc 12216:com.android.vending/u0a85 for service {com.android.vending/com.google.android.finsky.services.PlayGearheadService}
02-10 13:11:10.604 951 7008 D ConnectivityService: requestNetwork for uid/pid:10085/12216 NetworkRequest [ TRACK_DEFAULT id=81, [ Capabilities: INTERNET&NOT_RESTRICTED&TRUSTED Uid: 10085] ]
02-10 13:11:10.700 951 1139 I ActivityManager: Start proc 12274:com.google.process.gapps/u0a78 for content provider {com.google.android.gsf/com.google.android.gsf.settings.GoogleSettingsProvider}
02-10 13:11:11.368 951 1139 I ActivityManager: Start proc 12318:com.google.android.apps.maps/u0a186 for service {com.google.android.apps.maps/com.google.android.apps.gmm.car.androidauto.CarNavigationProviderService}
02-10 13:11:11.453 951 7008 W AppOps : Noting op not finished: uid 10078 pkg com.google.android.gms code 27 time=1581361868452 duration=0
02-10 13:11:11.631 951 4808 D NotificationListeners: Enabling component com.google.android.projection.gearhead/com.google.android.gearhead.notifications.SharedNotificationListenerManager$ListenerService
02-10 13:11:11.631 951 4808 V NotificationListeners: binding: Intent { act=android.service.notification.NotificationListenerService cmp=com.google.android.projection.gearhead/com.google.android.gearhead.notifications.SharedNotificationListenerManager$ListenerService (has extras) }
02-10 13:11:11.710 951 4808 I DisplayManagerService: Display device added: DisplayDeviceInfo{"GhFacetBar": uniqueId="virtual:com.google.android.projection.gearhead,10157,GhFacetBar,0", 800 x 80, modeId 4, defaultModeId 4, supportedModes [{id=4, width=800, height=80, fps=60.0}], colorMode 0, supportedColorModes [0], HdrCapabilities null, density 160, 160.0 x 160.0 dpi, appVsyncOff 0, presDeadline 16666666, touch NONE, rotation 0, type VIRTUAL, state ON, owner com.google.android.projection.gearhead (uid 10157), FLAG_PRIVATE, FLAG_NEVER_BLANK, FLAG_PRESENTATION, FLAG_OWN_CONTENT_ONLY}
02-10 13:11:11.875 951 8285 D ConnectivityService: Returning UNBLOCKED NetworkInfo to uid=10186
02-10 13:11:58.168 951 3105 I Telecom : BluetoothPhoneService: getNetworkOperator: BPSI.gNO@ALw
02-10 13:12:07.018 951 1121 I Watchdog: WAITED_HALF
02-10 13:12:07.091 951 1121 I ActivityManager: dumpStackTraces pids=null nativepids=[611, 627, 597, 645, 598, 919, 905, 606, 478, 693, 716, 850, 853, 887, 891, 892, 895, 896, 905, 919, 2193]
02-10 13:12:07.097 951 1121 I ActivityManager: Dumping to /data/anr/anr_2020-02-10-13-12-07-096
02-10 13:12:07.097 951 1121 I ActivityManager: Collecting stacks for pid 951
02-10 13:12:07.663 951 1121 I ActivityManager: Collecting stacks for native pid 611
02-10 13:12:07.754 951 1121 I ActivityManager: Collecting stacks for native pid 627
02-10 13:12:07.778 951 1121 I ActivityManager: Collecting stacks for native pid 597
02-10 13:12:07.817 951 1121 I ActivityManager: Collecting stacks for native pid 645
02-10 13:12:07.927 951 1121 I ActivityManager: Collecting stacks for native pid 598
02-10 13:12:08.521 951 1121 I ActivityManager: Collecting stacks for native pid 919
02-10 13:12:08.714 951 1121 I ActivityManager: Collecting stacks for native pid 905
02-10 13:12:09.104 951 1121 I ActivityManager: Collecting stacks for native pid 606
02-10 13:12:09.144 951 1121 I ActivityManager: Collecting stacks for native pid 478
02-10 13:12:09.185 951 1121 I ActivityManager: Collecting stacks for native pid 693
02-10 13:12:09.289 951 1121 I ActivityManager: Collecting stacks for native pid 716
02-10 13:12:09.371 951 1121 I ActivityManager: Collecting stacks for native pid 850
02-10 13:12:09.629 951 1121 I ActivityManager: Collecting stacks for native pid 853
02-10 13:12:09.774 951 1121 I ActivityManager: Collecting stacks for native pid 887
02-10 13:12:09.880 951 1121 I ActivityManager: Collecting stacks for native pid 891
02-10 13:12:09.966 951 1121 I ActivityManager: Collecting stacks for native pid 892
02-10 13:12:10.021 951 1121 I ActivityManager: Collecting stacks for native pid 895
02-10 13:12:10.296 951 1121 I ActivityManager: Collecting stacks for native pid 896
02-10 13:12:10.351 951 1121 I ActivityManager: Collecting stacks for native pid 905
02-10 13:12:10.634 951 1121 I ActivityManager: Collecting stacks for native pid 919
02-10 13:12:10.796 951 1121 I ActivityManager: Collecting stacks for native pid 2193
02-10 13:12:11.146 951 1121 I ActivityManager: Done dumping
02-10 13:12:16.142 951 2826 I UsbPortManager: ClientCallback V1_0: otg_default
02-10 13:12:41.213 951 1121 I ActivityManager: dumpStackTraces pids=null nativepids=[611, 627, 597, 645, 598, 919, 905, 606, 478, 693, 716, 850, 853, 887, 891, 892, 895, 896, 905, 919, 2193]
02-10 13:12:41.215 951 1121 I ActivityManager: Dumping to /data/anr/anr_2020-02-10-13-12-41-215
02-10 13:12:41.215 951 1121 I ActivityManager: Collecting stacks for pid 951
02-10 13:12:41.733 951 1121 I ActivityManager: Collecting stacks for pid 2589
02-10 13:12:41.867 951 1121 I ActivityManager: Collecting stacks for native pid 611
02-10 13:12:41.928 951 1121 I ActivityManager: Collecting stacks for native pid 627
02-10 13:12:41.955 951 1121 I ActivityManager: Collecting stacks for native pid 597
02-10 13:12:41.999 951 1121 I ActivityManager: Collecting stacks for native pid 645
02-10 13:12:42.076 951 1121 I ActivityManager: Collecting stacks for native pid 598
02-10 13:12:42.497 951 1121 I ActivityManager: Collecting stacks for native pid 919
02-10 13:12:42.626 951 1121 I ActivityManager: Collecting stacks for native pid 905
02-10 13:12:42.895 951 1121 I ActivityManager: Collecting stacks for native pid 606
02-10 13:12:42.929 951 1121 I ActivityManager: Collecting stacks for native pid 478
02-10 13:12:42.972 951 1121 I ActivityManager: Collecting stacks for native pid 693
02-10 13:12:43.044 951 1121 I ActivityManager: Collecting stacks for native pid 716
02-10 13:12:43.111 951 1121 I ActivityManager: Collecting stacks for native pid 850
02-10 13:12:43.293 951 1121 I ActivityManager: Collecting stacks for native pid 853
02-10 13:12:43.434 951 1121 I ActivityManager: Collecting stacks for native pid 887
02-10 13:12:43.507 951 1121 I ActivityManager: Collecting stacks for native pid 891
02-10 13:12:43.580 951 1121 I ActivityManager: Collecting stacks for native pid 892
02-10 13:12:43.619 951 1121 I ActivityManager: Collecting stacks for native pid 895
02-10 13:12:43.832 951 1121 I ActivityManager: Collecting stacks for native pid 896
02-10 13:12:43.890 951 1121 I ActivityManager: Collecting stacks for native pid 905
02-10 13:12:44.168 951 1121 I ActivityManager: Collecting stacks for native pid 919
02-10 13:12:44.317 951 1121 I ActivityManager: Collecting stacks for native pid 2193
02-10 13:12:44.668 951 1121 I ActivityManager: Done dumping
02-10 13:12:49.703 951 12581 I DropBoxManagerService: add tag=system_server_watchdog isTagEnabled=true flags=0x2
02-10 13:12:49.721 951 1121 W Watchdog: *** WATCHDOG KILLING SYSTEM PROCESS: Blocked in handler on foreground thread (android.fg), Blocked in handler on main thread (main), Blocked in handler on ui thread (android.ui), Blocked in handler on i/o thread (android.io), Blocked in handler on display thread (android.display), Blocked in handler on ActivityManager (ActivityManager)
02-10 13:12:49.725 951 1121 W Watchdog: android.fg annotated stack trace:
02-10 13:12:49.726 951 1121 W Watchdog: at com.android.server.am.ActivityManagerService.broadcastIntent(ActivityManagerService.java:15597)
02-10 13:12:49.727 951 1121 W Watchdog: - waiting to lock <0x03ed908c> (a com.android.server.am.ActivityManagerService)
02-10 13:12:49.727 951 1121 W Watchdog: at android.app.ContextImpl.sendOrderedBroadcastAsUser(ContextImpl.java:1314)
02-10 13:12:49.728 951 1121 W Watchdog: at android.app.ContextImpl.sendOrderedBroadcastAsUser(ContextImpl.java:1276)
02-10 13:12:49.728 951 1121 W Watchdog: at com.android.server.ConnectivityService.sendDataActivityBroadcast(ConnectivityService.java:2070)
02-10 13:12:49.729 951 1121 W Watchdog: at com.android.server.ConnectivityService.access$400(ConnectivityService.java:231)
02-10 13:12:49.729 951 1121 W Watchdog: at com.android.server.ConnectivityService$3.interfaceClassDataActivityChanged(ConnectivityService.java:1648)
02-10 13:12:49.730 951 1121 W Watchdog: at com.android.server.NetworkManagementService.lambda$notifyInterfaceClassActivity$5(NetworkManagementService.java:437)
02-10 13:12:49.730 951 1121 W Watchdog: at com.android.server.-$$Lambda$NetworkManagementService$D43p3Tqq7B3qaMs9AGb_3j0KZd0.sendCallback(Unknown Source:6)
02-10 13:12:49.731 951 1121 W Watchdog: at com.android.server.NetworkManagementService.invokeForAllObservers(NetworkManagementService.java:339)
02-10 13:12:49.731 951 1121 W Watchdog: at com.android.server.NetworkManagementService.notifyInterfaceClassActivity(NetworkManagementService.java:437)
02-10 13:12:49.732 951 1121 W Watchdog: at com.android.server.NetworkManagementService.access$1200(NetworkManagementService.java:116)
02-10 13:12:49.734 951 1121 W Watchdog: at com.android.server.NetworkManagementService$NetdUnsolicitedEventListener.lambda$onInterfaceClassActivityChanged$0$NetworkManagementService$NetdUnsolicitedEventListener(NetworkManagementService.java:665)
02-10 13:12:49.735 951 1121 W Watchdog: at com.android.server.-$$Lambda$NetworkManagementService$NetdUnsolicitedEventListener$0xWa9DGxTnoGVHppsM-nng2PygE.run(Unknown Source:10)
02-10 13:12:49.735 951 1121 W Watchdog: at android.os.Handler.handleCallback(Handler.java:883)
02-10 13:12:49.736 951 1121 W Watchdog: at android.os.Handler.dispatchMessage(Handler.java:100)
02-10 13:12:49.736 951 1121 W Watchdog: at android.os.Looper.loop(Looper.java:214)
02-10 13:12:49.736 951 1121 W Watchdog: at android.os.HandlerThread.run(HandlerThread.java:67)
02-10 13:12:49.736 951 1121 W Watchdog: at com.android.server.ServiceThread.run(ServiceThread.java:44)
02-10 13:12:49.736 951 1121 W Watchdog: main annotated stack trace:
02-10 13:12:49.736 951 1121 W Watchdog: at com.android.server.job.JobServiceContext$JobServiceHandler.handleMessage(JobServiceContext.java:509)
02-10 13:12:49.737 951 1121 W Watchdog: - waiting to lock <0x0710263b> (a java.lang.Object)
02-10 13:12:49.737 951 1121 W Watchdog: at android.os.Handler.dispatchMessage(Handler.java:107)
02-10 13:12:49.737 951 1121 W Watchdog: at android.os.Looper.loop(Looper.java:214)
02-10 13:12:49.737 951 1121 W Watchdog: at com.android.server.SystemServer.run(SystemServer.java:569)
02-10 13:12:49.737 951 1121 W Watchdog: at com.android.server.SystemServer.main(SystemServer.java:380)
02-10 13:12:49.737 951 1121 W Watchdog: at java.lang.reflect.Method.invoke(Native Method)
02-10 13:12:49.737 951 1121 W Watchdog: at com.android.internal.os.RuntimeInit$MethodAndArgsCaller.run(RuntimeInit.java:491)
02-10 13:12:49.737 951 1121 W Watchdog: at com.android.internal.os.ZygoteInit.main(ZygoteInit.java:893)
02-10 13:12:49.738 951 1121 W Watchdog: android.ui annotated stack trace:
02-10 13:12:49.738 951 1121 W Watchdog: at com.android.server.am.ActivityManagerService.checkContentProviderAccess(ActivityManagerService.java:6524)
02-10 13:12:49.738 951 1121 W Watchdog: - waiting to lock <0x03ed908c> (a com.android.server.am.ActivityManagerService)
02-10 13:12:49.738 951 1121 W Watchdog: at com.android.server.am.ActivityManagerService$LocalService.checkContentProviderAccess(ActivityManagerService.java:17811)
02-10 13:12:49.738 951 1121 W Watchdog: at com.android.server.content.ContentService.registerContentObserver(ContentService.java:341)
02-10 13:12:49.738 951 1121 W Watchdog: at android.content.ContentResolver.registerContentObserver(ContentResolver.java:2263)
02-10 13:12:49.738 951 1121 W Watchdog: at android.content.ContentResolver.registerContentObserver(ContentResolver.java:2251)
02-10 13:12:49.738 951 1121 W Watchdog: at com.android.server.wm.AppTransition$SettingsObserver.observe(AppTransition.java:2456)
02-10 13:12:49.738 951 1121 W Watchdog: at com.android.server.wm.AppTransition.(AppTransition.java:288)
02-10 13:12:49.738 951 1121 W Watchdog: at com.android.server.wm.DisplayContent.(DisplayContent.java:916)
02-10 13:12:49.738 951 1121 W Watchdog: at com.android.server.wm.RootWindowContainer.createDisplayContent(RootWindowContainer.java:240)
02-10 13:12:49.738 951 1121 W Watchdog: at com.android.server.wm.ActivityDisplay.createDisplayContent(ActivityDisplay.java:171)
02-10 13:12:49.738 951 1121 W Watchdog: at com.android.server.wm.ActivityDisplay.(ActivityDisplay.java:166)
02-10 13:12:49.738 951 1121 W Watchdog: at com.android.server.wm.RootActivityContainer.getActivityDisplayOrCreate(RootActivityContainer.java:315)
02-10 13:12:49.738 951 1121 W Watchdog: at com.android.server.wm.RootActivityContainer.onDisplayAdded(RootActivityContainer.java:1361)
02-10 13:12:49.738 951 1121 W Watchdog: - locked <0x00d0eb17> (a com.android.server.wm.WindowManagerGlobalLock)
02-10 13:12:49.738 951 1121 W Watchdog: at android.hardware.display.DisplayManagerGlobal$DisplayListenerDelegate.handleMessage(DisplayManagerGlobal.java:696)
02-10 13:12:49.738 951 1121 W Watchdog: at android.os.Handler.dispatchMessage(Handler.java:107)
02-10 13:12:49.739 951 1121 W Watchdog: at android.os.Looper.loop(Looper.java:214)
02-10 13:12:49.739 951 1121 W Watchdog: at android.os.HandlerThread.run(HandlerThread.java:67)
02-10 13:12:49.739 951 1121 W Watchdog: at com.android.server.ServiceThread.run(ServiceThread.java:44)
02-10 13:12:49.739 951 1121 W Watchdog: at com.android.server.UiThread.run(UiThread.java:43)
02-10 13:12:49.739 951 1121 W Watchdog: android.io annotated stack trace:
02-10 13:12:49.739 951 1121 W Watchdog: at com.android.server.job.JobStore$1.run(JobStore.java:394)
02-10 13:12:49.740 951 1121 W Watchdog: - waiting to lock <0x0710263b> (a java.lang.Object)
02-10 13:12:49.740 951 1121 W Watchdog: at android.os.Handler.handleCallback(Handler.java:883)
02-10 13:12:49.740 951 1121 W Watchdog: at android.os.Handler.dispatchMessage(Handler.java:100)
02-10 13:12:49.740 951 1121 W Watchdog: at android.os.Looper.loop(Looper.java:214)
02-10 13:12:49.740 951 1121 W Watchdog: at android.os.HandlerThread.run(HandlerThread.java:67)
02-10 13:12:49.740 951 1121 W Watchdog: at com.android.server.ServiceThread.run(ServiceThread.java:44)
02-10 13:12:49.740 951 1121 W Watchdog: android.display annotated stack trace:
02-10 13:12:49.740 951 1121 W Watchdog: at com.android.server.wm.WindowManagerService.requestTraversal(WindowManagerService.java:5407)
02-10 13:12:49.741 951 1121 W Watchdog: - waiting to lock <0x00d0eb17> (a com.android.server.wm.WindowManagerGlobalLock)
02-10 13:12:49.741 951 1121 W Watchdog: at com.android.server.wm.WindowManagerService$LocalService.requestTraversalFromDisplayManager(WindowManagerService.java:7139)
02-10 13:12:49.741 951 1121 W Watchdog: at com.android.server.display.DisplayManagerService$DisplayManagerHandler.handleMessage(DisplayManagerService.java:1636)
02-10 13:12:49.741 951 1121 W Watchdog: at android.os.Handler.dispatchMessage(Handler.java:107)
02-10 13:12:49.741 951 1121 W Watchdog: at android.os.Looper.loop(Looper.java:214)
02-10 13:12:49.741 951 1121 W Watchdog: at android.os.HandlerThread.run(HandlerThread.java:67)
02-10 13:12:49.741 951 1121 W Watchdog: at com.android.server.ServiceThread.run(ServiceThread.java:44)
02-10 13:12:49.744 951 1121 W Watchdog: ActivityManager annotated stack trace:
02-10 13:12:49.744 951 1121 W Watchdog: at com.android.server.am.ActiveServices.serviceTimeout(ActiveServices.java:3846)
02-10 13:12:49.744 951 1121 W Watchdog: - waiting to lock <0x03ed908c> (a com.android.server.am.ActivityManagerService)
02-10 13:12:49.745 951 1121 W Watchdog: at com.android.server.am.ActivityManagerService$MainHandler.handleMessage(ActivityManagerService.java:1709)
02-10 13:12:49.745 951 1121 W Watchdog: at android.os.Handler.dispatchMessage(Handler.java:107)
02-10 13:12:49.745 951 1121 W Watchdog: at android.os.Looper.loop(Looper.java:214)
02-10 13:12:49.745 951 1121 W Watchdog: at android.os.HandlerThread.run(HandlerThread.java:67)
02-10 13:12:49.745 951 1121 W Watchdog: at com.android.server.ServiceThread.run(ServiceThread.java:44)
02-10 13:12:49.745 951 1121 W Watchdog: *** GOODBYE! --------- beginning of crash
02-10 13:12:49.917 11502 11502 E AndroidRuntime: FATAL EXCEPTION: main
02-10 13:12:49.917 11502 11502 E AndroidRuntime: Process: com.google.android.projection.gearhead:car, PID: 11502
02-10 13:12:49.917 11502 11502 E AndroidRuntime: DeadSystemException: The system died; earlier logs will point to the root cause
02-10 13:12:49.924 2756 2756 E AndroidRuntime: FATAL EXCEPTION: main
02-10 13:12:49.924 2756 2756 E AndroidRuntime: Process: com.google.android.gms.persistent, PID: 2756
02-10 13:12:49.924 2756 2756 E AndroidRuntime: DeadSystemException: The system died; earlier logs will point to the root cause
02-10 13:12:49.926 12112 12112 E AndroidRuntime: FATAL EXCEPTION: main
02-10 13:12:49.926 12112 12112 E AndroidRuntime: Process: com.google.android.projection.gearhead:vanagon, PID: 12112
02-10 13:12:49.926 12112 12112 E AndroidRuntime: DeadSystemException: The system died; earlier logs will point to the root cause
02-10 13:12:49.927 12318 12357 E AndroidRuntime: FATAL EXCEPTION: DefaultPool4
02-10 13:12:49.927 12318 12357 E AndroidRuntime: Process: com.google.android.apps.maps, PID: 12318
02-10 13:12:49.927 12318 12357 E AndroidRuntime: DeadSystemException: The system died; earlier logs will point to the root cause
02-10 13:12:49.932 12318 12366 E AndroidRuntime: FATAL EXCEPTION: GoogleApiHandler
02-10 13:12:49.932 12318 12366 E AndroidRuntime: Process: com.google.android.apps.maps, PID: 12318
02-10 13:12:49.932 12318 12366 E AndroidRuntime: DeadSystemException: The system died; earlier logs will point to the root cause
02-10 13:12:49.938 11816 11816 E AndroidRuntime: FATAL EXCEPTION: main
02-10 13:12:49.938 11816 11816 E AndroidRuntime: Process: com.google.android.apps.turbo, PID: 11816
02-10 13:12:49.938 11816 11816 E AndroidRuntime: DeadSystemException: The system died; earlier logs will point to the root cause
02-10 13:12:49.942 2386 2386 E AndroidRuntime: FATAL EXCEPTION: main
02-10 13:12:49.942 2386 2386 E AndroidRuntime: Process: com.google.android.apps.nexuslauncher, PID: 2386
02-10 13:12:49.942 2386 2386 E AndroidRuntime: java.lang.RuntimeException: android.os.DeadObjectException
02-10 13:12:49.942 2386 2386 E AndroidRuntime: at android.view.ViewRootImpl.ensureTouchMode(ViewRootImpl.java:4832)
02-10 13:12:49.942 2386 2386 E AndroidRuntime: at android.view.ViewRootImpl$EarlyPostImeInputStage.processPointerEvent(ViewRootImpl.java:5381)
02-10 13:12:49.942 2386 2386 E AndroidRuntime: at android.view.ViewRootImpl$EarlyPostImeInputStage.processMotionEvent(ViewRootImpl.java:5356)
02-10 13:12:49.942 2386 2386 E AndroidRuntime: at android.view.ViewRootImpl$EarlyPostImeInputStage.onProcess(ViewRootImpl.java:5328)
02-10 13:12:49.942 2386 2386 E AndroidRuntime: at android.view.ViewRootImpl$InputStage.deliver(ViewRootImpl.java:4958)
02-10 13:12:49.942 2386 2386 E AndroidRuntime: at android.view.ViewRootImpl.deliverInputEvent(ViewRootImpl.java:7688)
02-10 13:12:49.942 2386 2386 E AndroidRuntime: at android.view.ViewRootImpl.doProcessInputEvents(ViewRootImpl.java:7657)
02-10 13:12:49.942 2386 2386 E AndroidRuntime: at android.view.ViewRootImpl.enqueueInputEvent(ViewRootImpl.java:7618)
02-10 13:12:49.942 2386 2386 E AndroidRuntime: at android.view.ViewRootImpl$WindowInputEventReceiver.onInputEvent(ViewRootImpl.java:7813)
02-10 13:12:49.942 2386 2386 E AndroidRuntime: at android.view.InputEventReceiver.dispatchInputEvent(InputEventReceiver.java:188)
02-10 13:12:49.942 2386 2386 E AndroidRuntime: at android.os.MessageQueue.nativePollOnce(Native Method)
02-10 13:12:49.942 2386 2386 E AndroidRuntime: at android.os.MessageQueue.next(MessageQueue.java:336)
02-10 13:12:49.942 2386 2386 E AndroidRuntime: at android.os.Looper.loop(Looper.java:174)
02-10 13:12:49.942 2386 2386 E AndroidRuntime: at android.app.ActivityThread.main(ActivityThread.java:7356)
02-10 13:12:49.942 2386 2386 E AndroidRuntime: at java.lang.reflect.Method.invoke(Native Method)
02-10 13:12:49.942 2386 2386 E AndroidRuntime: at com.android.internal.os.RuntimeInit$MethodAndArgsCaller.run(RuntimeInit.java:491)
02-10 13:12:49.942 2386 2386 E AndroidRuntime: at com.android.internal.os.ZygoteInit.main(ZygoteInit.java:915)
02-10 13:12:49.942 2386 2386 E AndroidRuntime: Caused by: android.os.DeadObjectException
02-10 13:12:49.942 2386 2386 E AndroidRuntime: at android.os.BinderProxy.transactNative(Native Method)
02-10 13:12:49.942 2386 2386 E AndroidRuntime: at android.os.BinderProxy.transact(BinderProxy.java:510)
02-10 13:12:49.942 2386 2386 E AndroidRuntime: at android.view.IWindowSession$Stub$Proxy.setInTouchMode(IWindowSession.java:1629)
02-10 13:12:49.942 2386 2386 E AndroidRuntime: at android.view.ViewRootImpl.ensureTouchMode(ViewRootImpl.java:4830)
02-10 13:12:49.942 2386 2386 E AndroidRuntime: ... 16 more
02-10 13:12:49.942 3274 3274 E AndroidRuntime: FATAL EXCEPTION: main
02-10 13:12:49.942 3274 3274 E AndroidRuntime: Process: com.google.android.googlequicksearchbox:search, PID: 3274
02-10 13:12:49.942 3274 3274 E AndroidRuntime: DeadSystemException: The system died; earlier logs will point to the root cause
02-10 13:12:49.943 11873 11873 E AndroidRuntime: FATAL EXCEPTION: main
02-10 13:12:49.943 11873 11873 E AndroidRuntime: Process: com.google.android.apps.photos, PID: 11873
02-10 13:12:49.943 11873 11873 E AndroidRuntime: DeadSystemException: The system died; earlier logs will point to the root cause
02-10 13:12:49.949 12216 12216 E AndroidRuntime: FATAL EXCEPTION: main
02-10 13:12:49.949 12216 12216 E AndroidRuntime: Process: com.android.vending, PID: 12216
02-10 13:12:49.949 12216 12216 E AndroidRuntime: DeadSystemException: The system died; earlier logs will point to the root cause
02-10 13:12:49.952 11572 11572 E AndroidRuntime: FATAL EXCEPTION: main
02-10 13:12:49.952 11572 11572 E AndroidRuntime: Process: com.google.android.gms:car, PID: 11572
02-10 13:12:49.952 11572 11572 E AndroidRuntime: DeadSystemException: The system died; earlier logs will point to the root cause
02-10 13:12:49.953 2870 2870 E AndroidRuntime: FATAL EXCEPTION: main
02-10 13:12:49.953 2870 2870 E AndroidRuntime: Process: com.google.android.gms, PID: 2870
02-10 13:12:49.953 2870 2870 E AndroidRuntime: DeadSystemException: The system died; earlier logs will point to the root cause
02-10 13:12:49.958 11880 11880 E AndroidRuntime: FATAL EXCEPTION: main
02-10 13:12:49.958 11880 11880 E AndroidRuntime: Process: com.google.android.apps.walletnfcrel, PID: 11880
02-10 13:12:49.958 11880 11880 E AndroidRuntime: DeadSystemException: The system died; earlier logs will point to the root cause
02-10 13:12:49.963 11530 11530 E AndroidRuntime: FATAL EXCEPTION: main
02-10 13:12:49.963 11530 11530 E AndroidRuntime: Process: com.google.android.projection.gearhead:shared, PID: 11530
02-10 13:12:49.963 11530 11530 E AndroidRuntime: DeadSystemException: The system died; earlier logs will point to the root cause
02-10 13:12:49.970 2589 2589 E AndroidRuntime: FATAL EXCEPTION: main
02-10 13:12:49.970 2589 2589 E AndroidRuntime: Process: com.android.phone, PID: 2589
02-10 13:12:49.970 2589 2589 E AndroidRuntime: DeadSystemException: The system died; earlier logs will point to the root cause
02-10 13:12:49.985 11530 12597 E AndroidRuntime: FATAL EXCEPTION: pool-1-thread-7
02-10 13:12:49.985 11530 12597 E AndroidRuntime: Process: com.google.android.projection.gearhead:shared, PID: 11530
02-10 13:12:49.985 11530 12597 E AndroidRuntime: DeadSystemException: The system died; earlier logs will point to the root cause
02-10 13:12:49.990 12136 12136 E AndroidRuntime: FATAL EXCEPTION: main
02-10 13:12:49.990 12136 12136 E AndroidRuntime: Process: com.google.android.projection.gearhead:projection, PID: 12136
02-10 13:12:49.990 12136 12136 E AndroidRuntime: DeadSystemException: The system died; earlier logs will point to the root cause
02-10 13:12:50.023 11502 12086 E AndroidRuntime: FATAL EXCEPTION: pool-4-thread-1
02-10 13:12:50.023 11502 12086 E AndroidRuntime: Process: com.google.android.projection.gearhead:car, PID: 11502
02-10 13:12:50.023 11502 12086 E AndroidRuntime: DeadSystemException: The system died; earlier logs will point to the root cause
02-10 13:12:50.028 2193 2776 E AndroidRuntime: FATAL EXCEPTION: A2dpService.StateMachines
02-10 13:12:50.028 2193 2776 E AndroidRuntime: Process: com.android.bluetooth, PID: 2193
02-10 13:12:50.028 2193 2776 E AndroidRuntime: DeadSystemException: The system died; earlier logs will point to the root cause
02-10 13:12:50.056 2208 2208 E AndroidRuntime: FATAL EXCEPTION: main
02-10 13:12:50.056 2208 2208 E AndroidRuntime: Process: com.android.systemui, PID: 2208
02-10 13:12:50.056 2208 2208 E AndroidRuntime: DeadSystemException: The system died; earlier logs will point to the root cause
02-10 13:12:50.111 11639 11639 E AndroidRuntime: FATAL EXCEPTION: main
02-10 13:12:50.111 11639 11639 E AndroidRuntime: Process: com.android.settings, PID: 11639
02-10 13:12:50.111 11639 11639 E AndroidRuntime: DeadSystemException: The system died; earlier logs will point to the root cause
02-10 13:12:50.527 12650 12650 I wificond: wificond is starting up...
02-10 13:12:50.861 12603 12660 D BootAnimation: BootAnimationShownTiming start time: 1973827ms
02-10 13:12:50.869 12603 12703 E BootAnimation: Could not add watch for /data/system
02-10 13:12:52.274 12904 12904 I chatty : uid=1000(system) expire 679 lines
02-10 13:12:52.448 12904 12929 I chatty : uid=1000(system) expire 11 lines
02-10 13:12:52.507 12904 12936 I chatty : uid=1000(system) expire 25 lines
02-10 13:12:52.660 12904 12925 I chatty : uid=1000(system) expire 12 lines
02-10 13:12:53.093 12904 12958 I chatty : uid=1000(system) expire 1 line
02-10 13:12:53.322 12904 12970 I chatty : uid=1000(system) expire 1 line
02-10 13:12:53.328 12904 12969 I chatty : uid=1000(system) expire 2 lines
02-10 13:12:53.360 12904 12967 I chatty : uid=1000(system) expire 2 lines
02-10 13:12:53.745 12904 12974 I chatty : uid=1000(system) expire 1 line
02-10 13:12:53.796 12904 12973 I chatty : uid=1000(system) expire 2 lines
02-10 13:12:53.833 12904 12982 I chatty : uid=1000(system) Jit thread pool expire 1 line
02-10 13:12:53.947 12904 12983 I chatty : uid=1000(system) Runtime worker expire 7 lines
02-10 13:12:54.112 12904 12994 I chatty : uid=1000(system) Binder:12977_2 expire 5 lines
02-10 13:12:54.126 12904 12991 I chatty : uid=1000(system) FinalizerDaemon expire 7 lines
02-10 13:12:54.134 12904 12992 I chatty : uid=1000(system) FinalizerWatchd expire 6 lines
02-10 13:12:54.140 12904 12993 I chatty : uid=1000(system) Binder:12977_1 expire 9 lines
02-10 13:12:55.980 12904 12922 I chatty : uid=1000(system) expire 16 lines
02-10 13:12:56.230 12904 13015 I chatty : uid=1000(system) expire 2 lines
02-10 13:12:56.422 12904 13025 I chatty : uid=1000(system) expire 2 lines
02-10 13:12:56.424 12904 12930 I chatty : uid=1000(system) expire 19 lines
02-10 13:12:56.582 12904 13031 I chatty : uid=1000(system) expire 10 lines
02-10 13:12:57.011 12904 12943 I chatty : uid=1000(system) expire 4 lines
02-10 13:12:57.077 12904 13005 I chatty : uid=1000(system) expire 4 lines
02-10 13:12:57.242 664 664 I android.hardware.wifi@1.0-service: Legacy HAL stop complete callback received
02-10 13:12:57.441 664 664 I android.hardware.wifi@1.0-service: Wifi HAL stopped
02-10 13:12:57.475 12904 13045 I chatty : uid=1000(system) Direct Model Ac expire 20 lines
02-10 13:12:57.538 12904 12942 I chatty : uid=1000(system) expire 5 lines
02-10 13:12:57.569 12904 12952 I chatty : uid=1000(system) expire 20 lines
02-10 13:12:57.704 12904 12924 I chatty : uid=1000(system) expire 19 lines
02-10 13:12:57.736 12904 12932 I chatty : uid=1000(system) expire 41 lines
02-10 13:12:57.743 12904 13054 I chatty : uid=1000(system) expire 2 lines
02-10 13:12:57.849 12904 13036 I chatty : uid=1000(system) expire 1 line
02-10 13:12:57.881 12904 12921 I chatty : uid=1000(system) expire 14 lines
02-10 13:12:58.053 664 664 I android.hardware.wifi@1.0-service: Wifi HAL started
02-10 13:12:58.130 12904 13001 I chatty : uid=1000(system) queued-work-loo expire 18 lines
02-10 13:12:58.287 12904 12995 I chatty : uid=1000(system) Binder:12977_3 expire 1 line
02-10 13:12:58.370 12904 12931 I chatty : uid=1000(system) expire 31 lines
02-10 13:12:58.620 12904 13368 I chatty : uid=1000(system) expire 2 lines
02-10 13:12:58.650 12904 13385 I chatty : uid=1000(system) expire 12 lines
02-10 13:12:58.654 12904 13403 I chatty : uid=1000(system) expire 1 line
02-10 13:12:58.796 12904 13300 I chatty : uid=1000(system) expire 21 lines
02-10 13:12:59.063 664 664 I android.hardware.wifi@1.0-service: Adding interface handle for wlan0
02-10 13:12:59.063 664 664 W android.hardware.wifi@1.0-service: No active wlan interfaces in use! Using default
02-10 13:12:59.063 664 664 E android.hardware.wifi@1.0-service: Failed to register radio mode change callback
02-10 13:12:59.063 664 664 W android.hardware.wifi@1.0-service: No active wlan interfaces in use! Using default
02-10 13:12:59.064 664 664 E android.hardware.wifi@1.0-service: Failed to get driver version: SUCCESS
02-10 13:12:59.064 664 664 I android.hardware.wifi@1.0-service: Configured chip in mode 0
02-10 13:12:59.064 664 664 W android.hardware.wifi@1.0-service: No active wlan interfaces in use! Using default
02-10 13:12:59.066 664 664 E android.hardware.wifi@1.0-service: Failed to set DFS flag; DFS channels may be unavailable.
02-10 13:12:59.098 12650 12650 I wificond: create scanner for interface with index: 6
02-10 13:12:59.098 12650 12650 I wificond: subscribe scan result for interface with index: 6
02-10 13:12:59.105 12650 12650 E wificond: No Offload Service available
02-10 13:12:59.105 12650 12650 I wificond: Offload HAL not supported
02-10 13:12:59.340 13393 13393 E SystemConfig: SystemConfig is being accessed by a process other than system_server.
02-10 13:12:59.345 13393 13393 I SystemConfig: Adding association: com.google.android.as <- com.android.providers.contacts
02-10 13:12:59.345 13393 13393 I SystemConfig: Adding association: com.google.android.as <- com.android.providers.media
02-10 13:12:59.345 13393 13393 I SystemConfig: Adding association: com.google.android.as <- com.android.providers.telephony
02-10 13:12:59.345 13393 13393 I SystemConfig: Adding association: com.google.android.as <- com.android.systemui
02-10 13:12:59.345 13393 13393 I SystemConfig: Adding association: com.google.android.as <- com.google.android.gms
02-10 13:12:59.345 13393 13393 I SystemConfig: Adding association: com.google.android.as <- com.google.android.gsf
02-10 13:12:59.353 12904 13546 I chatty : uid=1000(system) expire 1 line
02-10 13:12:59.400 13393 13393 W SystemConfig: No directory /product/etc/sysconfig, skipping
02-10 13:12:59.406 13393 13393 W SystemConfig: No directory /product_services/etc/sysconfig, skipping
02-10 13:12:59.406 13393 13393 W SystemConfig: No directory /product_services/etc/permissions, skipping
02-10 13:12:59.588 12904 12920 I chatty : uid=1000(system) expire 7 lines
02-10 13:12:59.826 12904 13000 I chatty : uid=1000(system) expire 21 lines
02-10 13:13:00.765 12650 12650 I wificond: Received external scan result notification from kernel.
02-10 13:13:00.768 664 664 E android.hardware.wifi@1.0-service: Failed to get driver version: SUCCESS
02-10 13:13:00.769 664 664 E android.hardware.wifi@1.0-service: Failed to get driver version: SUCCESS
02-10 13:13:00.925 13393 13393 I TelecomFramework: : onSubscriptionsChanged - update accounts
02-10 13:13:00.926 13393 13393 I TelecomFramework: TelecomAccountRegistry: setupAccounts: Found 1 phones. Attempting to register.
02-10 13:13:00.926 13393 13393 I TelecomFramework: TelecomAccountRegistry: setupAccounts: Phone with subscription id -1
02-10 13:13:00.926 13393 13393 I TelecomFramework: TelecomAccountRegistry: setupAccounts: adding default
02-10 13:13:00.943 13393 13393 I TelecomFramework: AccountEntry: Registered phoneAccount: [[ ] PhoneAccount: ComponentInfo{com.android.phone/com.android.services.telephony.TelephonyConnectionService}, ***, UserHandle{0} Capabilities: SuppVideo CallProvider MultiUser PlaceEmerg SimSub Audio Routes: BESW Schemes: tel voicemail Extras: Bundle[{android.telecom.extra.SUPPORTS_VIDEO_CALLING_FALLBACK=true}] GroupId: ***] with handle: ComponentInfo{com.android.phone/com.android.services.telephony.TelephonyConnectionService}, ***, UserHandle{0}
02-10 13:13:00.944 13393 13393 I TelecomFramework: PstnIncomingCallNotifier: Registering: Handler (com.android.internal.telephony.GsmCdmaPhone) {7535b24}
02-10 13:13:00.947 13393 13393 I TelecomFramework: TelecomAccountRegistry: Unregistering phone account ComponentInfo{com.android.phone/com.android.services.telephony.TelephonyConnectionService}, ***, UserHandle{0}.
02-10 13:13:00.990 13393 13393 I TelecomFramework: PstnPhoneCapabilitiesNotifier: handleVideoCapabilitesChanged. Video capability - false
02-10 13:13:01.035 13393 13393 I TelecomFramework: : onSubscriptionsChanged - update accounts
02-10 13:13:01.035 13393 13393 I TelecomFramework: PstnIncomingCallNotifier: Unregistering: Handler (com.android.internal.telephony.GsmCdmaPhone) {7535b24}
02-10 13:13:01.035 13393 13393 I TelecomFramework: TelecomAccountRegistry: setupAccounts: Found 1 phones. Attempting to register.
02-10 13:13:01.036 13393 13393 I TelecomFramework: TelecomAccountRegistry: setupAccounts: Phone with subscription id -1
02-10 13:13:01.036 13393 13393 I TelecomFramework: TelecomAccountRegistry: setupAccounts: adding default
02-10 13:13:01.050 13393 13393 I TelecomFramework: AccountEntry: Registered phoneAccount: [[ ] PhoneAccount: ComponentInfo{com.android.phone/com.android.services.telephony.TelephonyConnectionService}, ***, UserHandle{0} Capabilities: SuppVideo CallProvider MultiUser PlaceEmerg SimSub Audio Routes: BESW Schemes: tel voicemail Extras: Bundle[{android.telecom.extra.SUPPORTS_VIDEO_CALLING_FALLBACK=true}] GroupId: ***] with handle: ComponentInfo{com.android.phone/com.android.services.telephony.TelephonyConnectionService}, ***, UserHandle{0}
02-10 13:13:01.050 13393 13393 I TelecomFramework: PstnIncomingCallNotifier: Registering: Handler (com.android.internal.telephony.GsmCdmaPhone) {7535b24}
02-10 13:13:01.063 13393 13393 I TelecomFramework: PstnPhoneCapabilitiesNotifier: handleVideoCapabilitesChanged. Video capability - false
02-10 13:13:01.096 13393 13393 D MccTable: updateMccMncConfiguration mccmnc='310260
02-10 13:13:01.096 13393 13393 D MccTable: updateMccMncConfiguration: mcc=310, mnc=260
02-10 13:13:01.096 13393 13393 D MccTable: updateMccMncConfiguration updateConfig config={0.0 310mcc260mnc ?localeList ?layoutDir ?swdp ?wdp ?hdp ?density ?lsize ?long ?ldr ?wideColorGamut ?orien ?uimode ?night ?touch ?keyb/?/? ?nav/? winConfig={ mBounds=Rect(0, 0 - 0, 0) mAppBounds=null mWindowingMode=undefined mDisplayWindowingMode=undefined mActivityType=undefined mAlwaysOnTop=undefined mRotation=undefined}}
02-10 13:13:01.307 13393 13393 I TelecomFramework: : onSubscriptionsChanged - update accounts
02-10 13:13:01.307 13393 13393 I TelecomFramework: PstnIncomingCallNotifier: Unregistering: Handler (com.android.internal.telephony.GsmCdmaPhone) {7535b24}
02-10 13:13:01.307 13393 13393 I TelecomFramework: TelecomAccountRegistry: setupAccounts: Found 1 phones. Attempting to register.
02-10 13:13:01.307 13393 13393 I TelecomFramework: TelecomAccountRegistry: setupAccounts: Phone with subscription id -1
02-10 13:13:01.307 13393 13393 I TelecomFramework: TelecomAccountRegistry: setupAccounts: adding default
02-10 13:13:01.317 13393 13393 I TelecomFramework: AccountEntry: Registered phoneAccount: [[ ] PhoneAccount: ComponentInfo{com.android.phone/com.android.services.telephony.TelephonyConnectionService}, ***, UserHandle{0} Capabilities: SuppVideo CallProvider MultiUser PlaceEmerg SimSub Audio Routes: BESW Schemes: tel voicemail Extras: Bundle[{android.telecom.extra.SUPPORTS_VIDEO_CALLING_FALLBACK=true}] GroupId: ***] with handle: ComponentInfo{com.android.phone/com.android.services.telephony.TelephonyConnectionService}, ***, UserHandle{0}
02-10 13:13:01.317 13393 13393 I TelecomFramework: PstnIncomingCallNotifier: Registering: Handler (com.android.internal.telephony.GsmCdmaPhone) {7535b24}
02-10 13:13:01.347 13393 13393 I TelecomFramework: PstnPhoneCapabilitiesNotifier: handleVideoCapabilitesChanged. Video capability - false
02-10 13:13:01.357 12904 13483 I chatty : uid=1000(system) expire 11 lines
02-10 13:13:01.438 12904 13650 I chatty : uid=1000(system) expire 13 lines
02-10 13:13:01.670 13393 13393 D MccTable: updateMccMncConfiguration mccmnc='310260
02-10 13:13:01.670 13393 13393 D MccTable: updateMccMncConfiguration: mcc=310, mnc=260
02-10 13:13:01.670 13393 13393 D MccTable: updateMccMncConfiguration updateConfig config={0.0 310mcc260mnc ?localeList ?layoutDir ?swdp ?wdp ?hdp ?density ?lsize ?long ?ldr ?wideColorGamut ?orien ?uimode ?night ?touch ?keyb/?/? ?nav/? winConfig={ mBounds=Rect(0, 0 - 0, 0) mAppBounds=null mWindowingMode=undefined mDisplayWindowingMode=undefined mActivityType=undefined mAlwaysOnTop=undefined mRotation=undefined}}
02-10 13:13:01.903 13393 13393 D MccTable: updateMccMncConfiguration mccmnc='310260
02-10 13:13:01.903 13393 13393 D MccTable: updateMccMncConfiguration: mcc=310, mnc=260
02-10 13:13:01.903 13393 13393 D MccTable: updateMccMncConfiguration updateConfig config={0.0 310mcc260mnc ?localeList ?layoutDir ?swdp ?wdp ?hdp ?density ?lsize ?long ?ldr ?wideColorGamut ?orien ?uimode ?night ?touch ?keyb/?/? ?nav/? winConfig={ mBounds=Rect(0, 0 - 0, 0) mAppBounds=null mWindowingMode=undefined mDisplayWindowingMode=undefined mActivityType=undefined mAlwaysOnTop=undefined mRotation=undefined}}
02-10 13:13:02.267 13393 13393 E SystemConfig: SystemConfig is being accessed by a process other than system_server.
02-10 13:13:02.269 12904 13796 I chatty : uid=1000(system) expire 1 line
02-10 13:13:02.547 13393 13393 I TelecomFramework: : onSubscriptionsChanged - update accounts
02-10 13:13:02.547 13393 13393 I TelecomFramework: PstnIncomingCallNotifier: Unregistering: Handler (com.android.internal.telephony.GsmCdmaPhone) {7535b24}
02-10 13:13:02.547 13393 13393 I TelecomFramework: TelecomAccountRegistry: setupAccounts: Found 1 phones. Attempting to register.
02-10 13:13:02.547 13393 13393 I TelecomFramework: TelecomAccountRegistry: setupAccounts: Phone with subscription id 1
02-10 13:13:02.563 13393 13393 I TelecomFramework: AccountEntry: Registered phoneAccount: [[ ] PhoneAccount: ComponentInfo{com.android.phone/com.android.services.telephony.TelephonyConnectionService}, ***, UserHandle{0} Capabilities: SuppVideo CallProvider MultiUser PlaceEmerg SimSub Audio Routes: BESW Schemes: tel voicemail Extras: Bundle[{android.telecom.extra.SUPPORTS_VIDEO_CALLING_FALLBACK=true}] GroupId: ***] with handle: ComponentInfo{com.android.phone/com.android.services.telephony.TelephonyConnectionService}, ***, UserHandle{0}
02-10 13:13:02.564 13393 13393 I TelecomFramework: PstnIncomingCallNotifier: Registering: Handler (com.android.internal.telephony.GsmCdmaPhone) {7535b24}
02-10 13:13:02.567 13393 13393 I TelecomFramework: TelecomAccountRegistry: Unregistering phone account ComponentInfo{com.android.phone/com.android.services.telephony.TelephonyConnectionService}, ***, UserHandle{0}.
02-10 13:13:02.689 13393 13393 I TelecomFramework: : onSubscriptionsChanged - update accounts
02-10 13:13:02.689 13393 13393 I TelecomFramework: PstnIncomingCallNotifier: Unregistering: Handler (com.android.internal.telephony.GsmCdmaPhone) {7535b24}
02-10 13:13:02.696 13393 13393 I TelecomFramework: TelecomAccountRegistry: setupAccounts: Found 1 phones. Attempting to register.
02-10 13:13:02.696 13393 13393 I TelecomFramework: TelecomAccountRegistry: setupAccounts: Phone with subscription id 1
02-10 13:13:02.712 13393 13393 I TelecomFramework: AccountEntry: Registered phoneAccount: [[ ] PhoneAccount: ComponentInfo{com.android.phone/com.android.services.telephony.TelephonyConnectionService}, ***, UserHandle{0} Capabilities: SuppVideo CallProvider MultiUser PlaceEmerg SimSub Audio Routes: BESW Schemes: tel voicemail Extras: Bundle[{android.telecom.extra.SUPPORTS_VIDEO_CALLING_FALLBACK=true}] GroupId: ***] with handle: ComponentInfo{com.android.phone/com.android.services.telephony.TelephonyConnectionService}, ***, UserHandle{0}
02-10 13:13:02.712 13393 13393 I TelecomFramework: PstnIncomingCallNotifier: Registering: Handler (com.android.internal.telephony.GsmCdmaPhone) {7535b24}
02-10 13:13:02.725 13393 13393 I TelecomFramework: : onSubscriptionsChanged - update accounts
02-10 13:13:02.725 13393 13393 I TelecomFramework: PstnIncomingCallNotifier: Unregistering: Handler (com.android.internal.telephony.GsmCdmaPhone) {7535b24}
02-10 13:13:02.727 13393 13393 I TelecomFramework: TelecomAccountRegistry: setupAccounts: Found 1 phones. Attempting to register.
02-10 13:13:02.727 13393 13393 I TelecomFramework: TelecomAccountRegistry: setupAccounts: Phone with subscription id 1
