02-10 13:13:02.744 13393 13393 I TelecomFramework: AccountEntry: Registered phoneAccount: [[ ] PhoneAccount: ComponentInfo{com.android.phone/com.android.services.telephony.TelephonyConnectionService}, ***, UserHandle{0} Capabilities: SuppVideo CallProvider MultiUser PlaceEmerg SimSub Audio Routes: BESW Schemes: tel voicemail Extras: Bundle[{android.telecom.extra.SUPPORTS_VIDEO_CALLING_FALLBACK=true}] GroupId: ***] with handle: ComponentInfo{com.android.phone/com.android.services.telephony.TelephonyConnectionService}, ***, UserHandle{0}
02-10 13:13:02.744 13393 13393 I TelecomFramework: PstnIncomingCallNotifier: Registering: Handler (com.android.internal.telephony.GsmCdmaPhone) {7535b24}
02-10 13:13:02.754 13393 13393 I TelecomFramework: : onSubscriptionsChanged - update accounts
02-10 13:13:02.755 13393 13393 I TelecomFramework: PstnIncomingCallNotifier: Unregistering: Handler (com.android.internal.telephony.GsmCdmaPhone) {7535b24}
02-10 13:13:02.756 13393 13393 I TelecomFramework: TelecomAccountRegistry: setupAccounts: Found 1 phones. Attempting to register.
02-10 13:13:02.756 13393 13393 I TelecomFramework: TelecomAccountRegistry: setupAccounts: Phone with subscription id 1
02-10 13:13:02.775 13393 13393 I TelecomFramework: AccountEntry: Registered phoneAccount: [[ ] PhoneAccount: ComponentInfo{com.android.phone/com.android.services.telephony.TelephonyConnectionService}, ***, UserHandle{0} Capabilities: SuppVideo CallProvider MultiUser PlaceEmerg SimSub Audio Routes: BESW Schemes: tel voicemail Extras: Bundle[{android.telecom.extra.SUPPORTS_VIDEO_CALLING_FALLBACK=true}] GroupId: ***] with handle: ComponentInfo{com.android.phone/com.android.services.telephony.TelephonyConnectionService}, ***, UserHandle{0}
02-10 13:13:02.775 13393 13393 I TelecomFramework: PstnIncomingCallNotifier: Registering: Handler (com.android.internal.telephony.GsmCdmaPhone) {7535b24}
02-10 13:13:02.782 13393 13393 I TelecomFramework: : onSubscriptionsChanged - update accounts
02-10 13:13:02.782 13393 13393 I TelecomFramework: PstnIncomingCallNotifier: Unregistering: Handler (com.android.internal.telephony.GsmCdmaPhone) {7535b24}
02-10 13:13:02.784 13393 13393 I TelecomFramework: TelecomAccountRegistry: setupAccounts: Found 1 phones. Attempting to register.
02-10 13:13:02.784 13393 13393 I TelecomFramework: TelecomAccountRegistry: setupAccounts: Phone with subscription id 1
02-10 13:13:02.810 13393 13393 I TelecomFramework: AccountEntry: Registered phoneAccount: [[ ] PhoneAccount: ComponentInfo{com.android.phone/com.android.services.telephony.TelephonyConnectionService}, ***, UserHandle{0} Capabilities: SuppVideo CallProvider MultiUser PlaceEmerg SimSub Audio Routes: BESW Schemes: tel voicemail Extras: Bundle[{android.telecom.extra.SUPPORTS_VIDEO_CALLING_FALLBACK=true}] GroupId: ***] with handle: ComponentInfo{com.android.phone/com.android.services.telephony.TelephonyConnectionService}, ***, UserHandle{0}
02-10 13:13:02.810 13393 13393 I TelecomFramework: PstnIncomingCallNotifier: Registering: Handler (com.android.internal.telephony.GsmCdmaPhone) {7535b24}
02-10 13:13:02.826 13393 13393 I TelecomFramework: : onSubscriptionsChanged - update accounts
02-10 13:13:02.826 13393 13393 I TelecomFramework: PstnIncomingCallNotifier: Unregistering: Handler (com.android.internal.telephony.GsmCdmaPhone) {7535b24}
02-10 13:13:02.828 13393 13393 I TelecomFramework: TelecomAccountRegistry: setupAccounts: Found 1 phones. Attempting to register.
02-10 13:13:02.828 13393 13393 I TelecomFramework: TelecomAccountRegistry: setupAccounts: Phone with subscription id 1
02-10 13:13:02.841 12904 13713 I chatty : uid=1000(system) expire 6 lines
02-10 13:13:02.844 13393 13393 I TelecomFramework: AccountEntry: Registered phoneAccount: [[ ] PhoneAccount: ComponentInfo{com.android.phone/com.android.services.telephony.TelephonyConnectionService}, ***, UserHandle{0} Capabilities: SuppVideo CallProvider MultiUser PlaceEmerg SimSub Audio Routes: BESW Schemes: tel voicemail Extras: Bundle[{android.telecom.extra.SUPPORTS_VIDEO_CALLING_FALLBACK=true}] GroupId: ***] with handle: ComponentInfo{com.android.phone/com.android.services.telephony.TelephonyConnectionService}, ***, UserHandle{0}
02-10 13:13:02.844 13393 13393 I TelecomFramework: PstnIncomingCallNotifier: Registering: Handler (com.android.internal.telephony.GsmCdmaPhone) {7535b24}
02-10 13:13:02.868 13393 13393 I TelecomFramework: : onSubscriptionsChanged - update accounts
02-10 13:13:02.870 13393 13393 I TelecomFramework: PstnIncomingCallNotifier: Unregistering: Handler (com.android.internal.telephony.GsmCdmaPhone) {7535b24}
02-10 13:13:02.875 13393 13393 I TelecomFramework: TelecomAccountRegistry: setupAccounts: Found 1 phones. Attempting to register.
02-10 13:13:02.876 13393 13393 I TelecomFramework: TelecomAccountRegistry: setupAccounts: Phone with subscription id 1
02-10 13:13:02.897 13393 13393 I TelecomFramework: AccountEntry: Registered phoneAccount: [[ ] PhoneAccount: ComponentInfo{com.android.phone/com.android.services.telephony.TelephonyConnectionService}, ***, UserHandle{0} Capabilities: SuppVideo CallProvider MultiUser PlaceEmerg SimSub Audio Routes: BESW Schemes: tel voicemail Extras: Bundle[{android.telecom.extra.SUPPORTS_VIDEO_CALLING_FALLBACK=true}] GroupId: ***] with handle: ComponentInfo{com.android.phone/com.android.services.telephony.TelephonyConnectionService}, ***, UserHandle{0}
02-10 13:13:02.898 13393 13393 I TelecomFramework: PstnIncomingCallNotifier: Registering: Handler (com.android.internal.telephony.GsmCdmaPhone) {7535b24}
02-10 13:13:02.923 13393 13393 I TelecomFramework: PstnIncomingCallNotifier: Unregistering: Handler (com.android.internal.telephony.GsmCdmaPhone) {7535b24}
02-10 13:13:02.925 13393 13393 I TelecomFramework: TelecomAccountRegistry: setupAccounts: Found 1 phones. Attempting to register.
02-10 13:13:02.925 13393 13393 I TelecomFramework: TelecomAccountRegistry: setupAccounts: Phone with subscription id 1
02-10 13:13:02.943 13393 13393 I TelecomFramework: AccountEntry: Registered phoneAccount: [[ ] PhoneAccount: ComponentInfo{com.android.phone/com.android.services.telephony.TelephonyConnectionService}, ***, UserHandle{0} Capabilities: SuppVideo CallProvider MultiUser PlaceEmerg SimSub Audio Routes: BESW Schemes: tel voicemail Extras: Bundle[{android.telecom.extra.SUPPORTS_VIDEO_CALLING_FALLBACK=true}] GroupId: ***] with handle: ComponentInfo{com.android.phone/com.android.services.telephony.TelephonyConnectionService}, ***, UserHandle{0}
02-10 13:13:02.943 13393 13393 I TelecomFramework: PstnIncomingCallNotifier: Registering: Handler (com.android.internal.telephony.GsmCdmaPhone) {7535b24}
02-10 13:13:02.961 13393 13393 I TelecomFramework: : onSubscriptionsChanged - update accounts
02-10 13:13:02.961 13393 13393 I TelecomFramework: PstnIncomingCallNotifier: Unregistering: Handler (com.android.internal.telephony.GsmCdmaPhone) {7535b24}
02-10 13:13:02.964 13393 13393 I TelecomFramework: TelecomAccountRegistry: setupAccounts: Found 1 phones. Attempting to register.
02-10 13:13:02.964 13393 13393 I TelecomFramework: TelecomAccountRegistry: setupAccounts: Phone with subscription id 1
02-10 13:13:02.979 13393 13393 I TelecomFramework: AccountEntry: Registered phoneAccount: [[ ] PhoneAccount: ComponentInfo{com.android.phone/com.android.services.telephony.TelephonyConnectionService}, ***, UserHandle{0} Capabilities: SuppVideo CallProvider MultiUser PlaceEmerg SimSub Audio Routes: BESW Schemes: tel voicemail Extras: Bundle[{android.telecom.extra.SUPPORTS_VIDEO_CALLING_FALLBACK=true}] GroupId: ***] with handle: ComponentInfo{com.android.phone/com.android.services.telephony.TelephonyConnectionService}, ***, UserHandle{0}
02-10 13:13:02.979 13393 13393 I TelecomFramework: PstnIncomingCallNotifier: Registering: Handler (com.android.internal.telephony.GsmCdmaPhone) {7535b24}
02-10 13:13:02.988 13393 13393 I TelecomFramework: : onSubscriptionsChanged - update accounts
02-10 13:13:02.988 13393 13393 I TelecomFramework: PstnIncomingCallNotifier: Unregistering: Handler (com.android.internal.telephony.GsmCdmaPhone) {7535b24}
02-10 13:13:02.990 13393 13393 I TelecomFramework: TelecomAccountRegistry: setupAccounts: Found 1 phones. Attempting to register.
02-10 13:13:02.990 13393 13393 I TelecomFramework: TelecomAccountRegistry: setupAccounts: Phone with subscription id 1
02-10 13:13:03.021 12904 13813 I chatty : uid=1000(system) expire 11 lines
02-10 13:13:03.023 13393 13393 I TelecomFramework: AccountEntry: Registered phoneAccount: [[ ] PhoneAccount: ComponentInfo{com.android.phone/com.android.services.telephony.TelephonyConnectionService}, ***, UserHandle{0} Capabilities: SuppVideo CallProvider MultiUser PlaceEmerg SimSub Audio Routes: BESW Schemes: tel voicemail Extras: Bundle[{android.telecom.extra.SUPPORTS_VIDEO_CALLING_FALLBACK=true}] GroupId: ***] with handle: ComponentInfo{com.android.phone/com.android.services.telephony.TelephonyConnectionService}, ***, UserHandle{0}
02-10 13:13:03.023 13393 13393 I TelecomFramework: PstnIncomingCallNotifier: Registering: Handler (com.android.internal.telephony.GsmCdmaPhone) {7535b24}
02-10 13:13:03.047 13393 13393 I TelecomFramework: PstnPhoneCapabilitiesNotifier: handleVideoCapabilitesChanged. Video capability - false
02-10 13:13:03.053 13393 13393 I TelecomFramework: PstnPhoneCapabilitiesNotifier: handleVideoCapabilitesChanged. Video capability - false
02-10 13:13:03.105 13393 13393 I chatty : uid=1001(radio) identical 7 lines
02-10 13:13:03.109 13393 13393 I TelecomFramework: PstnPhoneCapabilitiesNotifier: handleVideoCapabilitesChanged. Video capability - false
02-10 13:13:03.311 13393 13393 I TelecomFramework: : onSubscriptionsChanged - update accounts
02-10 13:13:03.311 13393 13393 I TelecomFramework: PstnIncomingCallNotifier: Unregistering: Handler (com.android.internal.telephony.GsmCdmaPhone) {7535b24}
02-10 13:13:03.314 13393 13393 I TelecomFramework: TelecomAccountRegistry: setupAccounts: Found 1 phones. Attempting to register.
02-10 13:13:03.314 13393 13393 I TelecomFramework: TelecomAccountRegistry: setupAccounts: Phone with subscription id 1
02-10 13:13:03.371 13393 13393 I TelecomFramework: AccountEntry: Registered phoneAccount: [[ ] PhoneAccount: ComponentInfo{com.android.phone/com.android.services.telephony.TelephonyConnectionService}, ***, UserHandle{0} Capabilities: SuppVideo CallProvider MultiUser PlaceEmerg SimSub Audio Routes: BESW Schemes: tel voicemail Extras: Bundle[{android.telecom.extra.SUPPORTS_VIDEO_CALLING_FALLBACK=true}] GroupId: ***] with handle: ComponentInfo{com.android.phone/com.android.services.telephony.TelephonyConnectionService}, ***, UserHandle{0}
02-10 13:13:03.371 13393 13393 I TelecomFramework: PstnIncomingCallNotifier: Registering: Handler (com.android.internal.telephony.GsmCdmaPhone) {7535b24}
02-10 13:13:03.407 13393 13393 I TelecomFramework: : Carrier-config changed, checking for phone account updates.
02-10 13:13:03.438 13393 13393 I TelecomFramework: AccountEntry: reRegisterPstnPhoneAccount: subId: 1 - no change
02-10 13:13:03.443 13393 13393 I TelecomFramework: PstnPhoneCapabilitiesNotifier: handleVideoCapabilitesChanged. Video capability - false
02-10 13:13:03.773 12649 12666 E NetlinkEvent: NetlinkEvent::FindParam(): Parameter 'INTERFACE' not found
02-10 13:13:03.773 12649 12666 E NetlinkEvent: NetlinkEvent::FindParam(): Parameter 'STATE' not found
02-10 13:13:03.773 12649 12666 E NetlinkEvent: NetlinkEvent::FindParam(): Parameter 'TIME_NS' not found
02-10 13:13:03.773 12649 12666 E NetlinkEvent: NetlinkEvent::FindParam(): Parameter 'UID' not found
02-10 13:13:05.088 478 478 D vold : fscrypt_unlock_user_key 0 serial=0 token_present=0
02-10 13:13:05.221 12904 12925 I chatty : uid=1000(system) expire 19 lines
02-10 13:13:05.269 478 485 D vold : fscrypt_prepare_user_storage for volume null, user 0, serial 0, flags 2
02-10 13:13:05.269 478 485 D vold : Preparing: /data/system_ce/0
02-10 13:13:05.269 478 485 D vold : Preparing: /data/misc_ce/0
02-10 13:13:05.269 478 485 D vold : Preparing: /data/vendor_ce/0
02-10 13:13:05.275 478 485 D vold : Preparing: /data/media/0
02-10 13:13:05.279 478 485 D vold : Preparing: /data/data
02-10 13:13:05.279 478 485 D vold : Starting restorecon of /data/system_ce/0
02-10 13:13:05.308 478 485 D vold : Finished restorecon of /data/system_ce/0
02-10 13:13:05.308 478 485 D vold : Starting restorecon of /data/vendor_ce/0
02-10 13:13:05.314 478 485 D vold : Finished restorecon of /data/vendor_ce/0
02-10 13:13:05.314 478 485 D vold : Starting restorecon of /data/misc_ce/0
02-10 13:13:05.318 478 485 D vold : Finished restorecon of /data/misc_ce/0
02-10 13:13:05.318 478 485 D vold : /system/bin/vold_prepare_subdirs
02-10 13:13:05.318 478 485 D vold : prepare
02-10 13:13:05.318 478 485 D vold :
02-10 13:13:05.318 478 485 D vold : 0
02-10 13:13:05.318 478 485 D vold : 2
02-10 13:13:05.758 478 478 W vold : Failed to open /proc/13985/fd: No such file or directory
02-10 13:13:06.315 478 478 W vold : Failed to open /proc/14036/fd: No such file or directory
02-10 13:13:06.315 478 478 W vold : Failed to open /proc/14037/fd: No such file or directory
02-10 13:13:06.345 12904 12922 I chatty : uid=1000(system) expire 10 lines
02-10 13:13:06.351 478 478 D vold : /system/bin/sgdisk
02-10 13:13:06.351 478 478 D vold : --android-dump
02-10 13:13:06.351 478 478 D vold : /dev/block/vold/disk:179,0
02-10 13:13:06.518 12904 12904 I chatty : uid=1000(system) expire 21 lines
02-10 13:13:06.984 478 478 D vold : DISK mbr
02-10 13:13:06.984 478 478 D vold :
02-10 13:13:06.984 478 478 D vold : PART 1 7
02-10 13:13:06.984 478 478 D vold :
02-10 13:13:06.987 478 485 D vold : Linking /storage/emulated/0 to /mnt/user/0/primary
02-10 13:13:06.990 478 485 D vold : Waiting for FUSE to spin up...
02-10 13:13:07.003 14137 14137 W sdcard : Device explicitly enabled sdcardfs
02-10 13:13:07.004 14137 14137 W sdcard : Failed to mount sdcardfs with options fsuid=1023,fsgid=1023,multiuser,derive_gid,default_normal,unshared_obb,mask=6,userid=0,gid=1015: Invalid argument
02-10 13:13:07.026 12904 13063 I chatty : uid=1000(system) expire 8 lines
02-10 13:13:07.040 478 485 D vold : Linking /storage/emulated/0 to /mnt/user/0/primary
02-10 13:13:07.053 478 485 D vold : /system/bin/blkid
02-10 13:13:07.053 478 485 D vold : -c
02-10 13:13:07.053 478 485 D vold : /dev/null
02-10 13:13:07.053 478 485 D vold : -s
02-10 13:13:07.053 478 485 D vold : TYPE
02-10 13:13:07.053 478 485 D vold : -s
02-10 13:13:07.053 478 485 D vold : UUID
02-10 13:13:07.053 478 485 D vold : -s
02-10 13:13:07.053 478 485 D vold : LABEL
02-10 13:13:07.053 478 485 D vold : /dev/block/vold/public:179,1
02-10 13:13:07.178 478 485 D vold : /dev/block/vold/public:179,1: LABEL="" UUID="68FD-7A9B" TYPE="exfat"
02-10 13:13:07.178 478 485 D vold :
02-10 13:13:07.179 478 485 D vold : /system/bin/fsck.exfat
02-10 13:13:07.179 478 485 D vold : /dev/block/vold/public:179,1
02-10 13:13:07.419 12904 14145 I chatty : uid=1000(system) expire 679 lines
02-10 13:13:08.974 12904 14188 I chatty : uid=1000(system) expire 6 lines
02-10 13:13:09.152 12904 13083 I chatty : uid=1000(system) expire 1 line
02-10 13:13:09.638 12650 12650 W wificond: Scan is not started. Ignore abort request
02-10 13:13:09.649 12904 12932 I chatty : uid=1000(system) expire 19 lines
02-10 13:13:11.403 12650 12650 I wificond: Received external scan result notification from kernel.
02-10 13:13:12.760 12904 13039 I chatty : uid=1000(system) expire 1 line
02-10 13:13:12.778 12904 13045 I chatty : uid=1000(system) Direct Model Ac expire 33 lines
02-10 13:13:13.625 12649 12666 E NetlinkEvent: NetlinkEvent::FindParam(): Parameter 'INTERFACE' not found
02-10 13:13:13.625 12649 12666 E NetlinkEvent: NetlinkEvent::FindParam(): Parameter 'STATE' not found
02-10 13:13:13.625 12649 12666 E NetlinkEvent: NetlinkEvent::FindParam(): Parameter 'TIME_NS' not found
02-10 13:13:13.625 12649 12666 E NetlinkEvent: NetlinkEvent::FindParam(): Parameter 'UID' not found
02-10 13:13:14.455 478 485 D vold : exfatfsck 1.3.0
02-10 13:13:14.455 478 485 D vold :
02-10 13:13:14.455 478 485 D vold : Checking file system on /dev/block/vold/public:179,1.
02-10 13:13:14.455 478 485 D vold :
02-10 13:13:14.455 478 485 D vold : File system version 1.0
02-10 13:13:14.455 478 485 D vold :
02-10 13:13:14.455 478 485 D vold : Sector size 512 bytes
02-10 13:13:14.455 478 485 D vold :
02-10 13:13:14.455 478 485 D vold : Cluster size 128 KB
02-10 13:13:14.455 478 485 D vold :
02-10 13:13:14.455 478 485 D vold : Volume size 119 GB
02-10 13:13:14.455 478 485 D vold :
02-10 13:13:14.455 478 485 D vold : Used space 26 GB
02-10 13:13:14.455 478 485 D vold :
02-10 13:13:14.455 478 485 D vold : Available space 93 GB
02-10 13:13:14.455 478 485 D vold :
02-10 13:13:14.455 478 485 D vold : Totally 187 directories and 2422 files.
02-10 13:13:14.455 478 485 D vold :
02-10 13:13:14.455 478 485 D vold : File system checking finished. No errors found.
02-10 13:13:14.455 478 485 D vold :
02-10 13:13:14.456 478 485 I vold : Check OK
02-10 13:13:14.603 478 485 D vold : Waiting for FUSE to spin up...
02-10 13:13:14.616 15223 15223 W sdcard : Device explicitly enabled sdcardfs
02-10 13:13:15.041 12904 14210 I chatty : uid=1000(system) expire 10 lines
02-10 13:13:16.295 12904 14175 I chatty : uid=1000(system) expire 4 lines
02-10 13:13:16.531 12904 13298 I chatty : uid=1000(system) expire 10 lines
02-10 13:13:17.413 12904 13001 I chatty : uid=1000(system) queued-work-loo expire 12 lines
02-10 13:13:18.169 12904 13000 I chatty : uid=1000(system) expire 5 lines
02-10 13:13:18.465 12904 14898 I chatty : uid=1000(system) expire 10 lines
02-10 13:13:18.630 12904 15602 I chatty : uid=1000(system) expire 1 line
02-10 13:13:20.006 12904 15675 I chatty : uid=1000(system) expire 3 lines
02-10 13:13:20.586 12904 12931 I chatty : uid=1000(system) expire 2 lines
02-10 13:13:21.046 12904 15807 I chatty : uid=1000(system) expire 3 lines
02-10 13:13:22.185 12904 15803 I chatty : uid=1000(system) expire 7 lines
02-10 13:13:22.282 14179 14179 W ContextImpl: Calling a method in the system process without a qualified user: android.app.ContextImpl.startService:1570 android.content.ContextWrapper.startService:669 android.content.ContextWrapper.startService:669 org.lineageos.pocketmode.BootCompletedReceiver.onReceive:31 android.app.ActivityThread.handleReceiver:3788
02-10 13:13:22.369 12904 12932 I chatty : uid=1000(system) expire 59 lines
02-10 13:13:22.371 12904 12904 I chatty : uid=1000(system) expire 42 lines
02-10 13:13:22.438 13393 13393 I TelecomFramework: : Carrier-config changed, checking for phone account updates.
02-10 13:13:22.521 13393 13393 I TelecomFramework: AccountEntry: reRegisterPstnPhoneAccount: subId: 1 - no change
02-10 13:13:22.983 12904 15899 I chatty : uid=1000(system) expire 6 lines
02-10 13:13:23.355 12904 14451 I chatty : uid=1000(system) Binder:14429_3 expire 13 lines
02-10 13:13:23.439 12904 16081 I chatty : uid=1000(system) expire 10 lines
02-10 13:13:24.056 12904 14900 I chatty : uid=1000(system) expire 8 lines
02-10 13:13:24.102 12904 13650 I chatty : uid=1000(system) expire 20 lines
02-10 13:13:24.818 12904 12925 I chatty : uid=1000(system) expire 3 lines
02-10 13:13:25.142 12904 13300 I chatty : uid=1000(system) expire 9 lines
02-10 13:13:25.159 12904 12936 I chatty : uid=1000(system) expire 2 lines
02-10 13:13:26.587 12904 12921 I chatty : uid=1000(system) expire 9 lines
02-10 13:13:26.698 13359 13359 W ContextImpl: Calling a method in the system process without a qualified user: android.app.ContextImpl.startService:1570 android.content.ContextWrapper.startService:669 android.content.ContextWrapper.startService:669 com.dolby.dolbyvisionservice.NotificationReceiver.onReceive:35 android.app.ActivityThread.handleReceiver:3788
02-10 13:13:26.772 12904 16022 I chatty : uid=1000(system) expire 7 lines
02-10 13:13:28.150 12904 13045 I chatty : uid=1000(system) Direct Model Ac expire 10 lines
02-10 13:13:33.726 12904 14210 I chatty : uid=1000(system) expire 4 lines
02-10 13:13:33.976 12904 13021 I chatty : uid=1000(system) expire 1 line
02-10 13:13:39.828 12904 13483 I chatty : uid=1000(system) expire 5 lines
02-10 13:13:40.091 12904 17836 I chatty : uid=1000(system) expire 2 lines
02-10 13:13:46.990 12904 12922 I chatty : uid=1000(system) expire 4 lines
02-10 13:13:47.434 12904 12924 I chatty : uid=1000(system) expire 1 line
02-10 13:13:50.337 12904 13953 I chatty : uid=1000(system) expire 2 lines
02-10 13:13:50.824 12904 13001 I chatty : uid=1000(system) queued-work-loo expire 1 line
02-10 13:13:50.825 12904 15899 I chatty : uid=1000(system) expire 1 line
02-10 13:13:50.825 12904 13045 I chatty : uid=1000(system) Direct Model Ac expire 2 lines
02-10 13:13:50.901 12904 12922 I chatty : uid=1000(system) expire 4 lines
02-10 13:13:51.034 12904 15803 I chatty : uid=1000(system) expire 2 lines
02-10 13:13:51.419 12904 18658 I chatty : uid=1000(system) expire 1 line
02-10 13:13:51.610 12904 12932 I chatty : uid=1000(system) expire 2 lines
02-10 13:13:51.769 12904 15899 I chatty : uid=1000(system) expire 1 line
02-10 13:13:51.812 12904 13045 I chatty : uid=1000(system) Direct Model Ac expire 1 line
02-10 13:13:52.341 12904 15899 I chatty : uid=1000(system) expire 1 line
02-10 13:13:52.567 12904 18658 I chatty : uid=1000(system) expire 1 line
02-10 13:13:52.568 12904 12932 I chatty : uid=1000(system) expire 1 line
02-10 13:13:52.575 12904 13045 I chatty : uid=1000(system) Direct Model Ac expire 2 lines
02-10 13:13:52.617 12904 12932 I chatty : uid=1000(system) expire 1 line
02-10 13:13:52.726 12904 12904 I chatty : uid=1000(system) expire 1 line
02-10 13:13:53.145 12904 13300 I chatty : uid=1000(system) expire 1 line
02-10 13:13:53.178 12904 12923 I chatty : uid=1000(system) expire 1 line
02-10 13:13:53.189 12904 12925 I chatty : uid=1000(system) expire 1 line
02-10 13:13:53.196 12904 12926 I chatty : uid=1000(system) expire 1 line